3425 is divided by 3879?
80
What is the remainder when 94 is divided by 70?
24
Calculate the remainder when 2698 is divided by 328.
74
Calculate the remainder when 38669 is divided by 12882.
23
What is the remainder when 2847 is divided by 1281?
285
What is the remainder when 42936 is divided by 42932?
4
What is the remainder when 1578 is divided by 1371?
207
What is the remainder when 1439218 is divided by 340?
338
Calculate the remainder when 46351 is divided by 3552.
175
Calculate the remainder when 25890 is divided by 8622.
24
Calculate the remainder when 11918 is divided by 69.
50
What is the remainder when 14557 is divided by 4848?
13
What is the remainder when 2885249 is divided by 292?
289
Calculate the remainder when 333 is divided by 22.
3
Calculate the remainder when 42489 is divided by 8.
1
What is the remainder when 4901 is divided by 168?
29
What is the remainder when 90456 is divided by 18083?
41
What is the remainder when 31325 is divided by 3?
2
Calculate the remainder when 2021 is divided by 399.
26
What is the remainder when 51434 is divided by 259?
152
What is the remainder when 35916 is divided by 347?
175
Calculate the remainder when 1094 is divided by 335.
89
What is the remainder when 1070115 is divided by 83?
79
What is the remainder when 32664 is divided by 50?
14
Calculate the remainder when 12791 is divided by 12776.
15
What is the remainder when 11513 is divided by 885?
8
Calculate the remainder when 71457 is divided by 687.
9
Calculate the remainder when 6617 is divided by 6575.
42
Calculate the remainder when 2832 is divided by 237.
225
Calculate the remainder when 1388 is divided by 387.
227
Calculate the remainder when 21613 is divided by 5400.
13
What is the remainder when 52925 is divided by 7?
5
What is the remainder when 5960 is divided by 35?
10
Calculate the remainder when 51299 is divided by 1654.
25
What is the remainder when 1167355 is divided by 3040?
3035
Calculate the remainder when 15263 is divided by 243.
197
What is the remainder when 12615 is divided by 4074?
393
Calculate the remainder when 1630007 is divided by 1031.
1027
Calculate the remainder when 6478 is divided by 582.
76
What is the remainder when 7499 is divided by 29?
17
What is the remainder when 588015 is divided by 257?
256
What is the remainder when 1744360 is divided by 105?
100
What is the remainder when 13808 is divided by 79?
62
What is the remainder when 20105 is divided by 629?
606
What is the remainder when 50004 is divided by 302?
174
Calculate the remainder when 9757 is divided by 4717.
323
What is the remainder when 10367 is divided by 66?
5
Calculate the remainder when 5589 is divided by 48.
21
What is the remainder when 91054 is divided by 1084?
1082
Calculate the remainder when 1438 is divided by 889.
549
Calculate the remainder when 83227 is divided by 17.
12
What is the remainder when 1560 is divided by 709?
142
What is the remainder when 17954 is divided by 268?
266
Calculate the remainder when 22252 is divided by 7403.
43
Calculate the remainder when 1568 is divided by 131.
127
Calculate the remainder when 114101 is divided by 6.
5
Calculate the remainder when 7994 is divided by 23.
13
Calculate the remainder when 191265 is divided by 17.
15
What is the remainder when 55514 is divided by 750?
14
What is the remainder when 2003 is divided by 200?
3
Calculate the remainder when 420 is divided by 21.
0
What is the remainder when 128313 is divided by 55?
53
What is the remainder when 157800 is divided by 148?
32
What is the remainder when 15055 is divided by 487?
445
Calculate the remainder when 5194 is divided by 666.
532
What is the remainder when 19980 is divided by 9924?
132
Calculate the remainder when 5154 is divided by 3.
0
Calculate the remainder when 60280 is divided by 30110.
60
Calculate the remainder when 225859 is divided by 75258.
85
What is the remainder when 63450 is divided by 228?
66
What is the remainder when 330515 is divided by 8?
3
What is the remainder when 922 is divided by 61?
7
What is the remainder when 4611 is divided by 1137?
63
What is the remainder when 32195 is divided by 16047?
101
Calculate the remainder when 51971 is divided by 10354.
201
What is the remainder when 4917 is divided by 79?
19
Calculate the remainder when 18949 is divided by 34.
11
What is the remainder when 80160 is divided by 249?
231
Calculate the remainder when 63974 is divided by 640.
614
Calculate the remainder when 12596 is divided by 600.
596
What is the remainder when 2521 is divided by 808?
97
Calculate the remainder when 699 is divided by 125.
74
What is the remainder when 19226 is divided by 80?
26
What is the remainder when 4153 is divided by 13?
6
Calculate the remainder when 637 is divided by 152.
29
Calculate the remainder when 64235 is divided by 212.
211
Calculate the remainder when 6542353 is divided by 15.
13
What is the remainder when 20534 is divided by 21?
17
Calculate the remainder when 250456 is divided by 5963.
10
What is the remainder when 18438237 is divided by 96?
93
What is the remainder when 64630 is divided by 1267?
13
What is the remainder when 2231136 is divided by 116?
108
Calculate the remainder when 3371 is divided by 3108.
263
What is the remainder when 128144 is divided by 1145?
1049
Calculate the remainder when 19914 is divided by 313.
195
Calculate the remainder when 21887 is divided by 131.
10
Calculate the remainder when 37622 is divided by 361.
78
Calculate the remainder when 338604 is divided by 1075.
1054
Calculate the remainder when 30768 is divided by 2609.
2069
What is the remainder when 389152 is divided by 361?
355
What is the remainder when 68335 is divided by 94?
91
What is the remainder when 9823 is divided by 1887?
388
Calculate the remainder when 206458 is divided by 41.
23
What is the remainder when 1211 is divided by 120?
11
What is the remainder when 651 is divided by 90?
21
What is the remainder when 5539 is divided by 51?
31
Calculate the remainder when 1065219 is divided by 747.
744
Calculate the remainder when 98038 is divided by 86.
84
What is the remainder when 20158 is divided by 11?
6
What is the remainder when 836322 is divided by 499?
497
What is the remainder when 423 is divided by 206?
11
Calculate the remainder when 3372 is divided by 151.
50
Calculate the remainder when 204774 is divided by 9.
6
Calculate the remainder when 682974 is divided by 319.
314
Calculate the remainder when 39058 is divided by 9757.
30
Calculate the remainder when 2139 is divided by 33.
27
What is the remainder when 6673 is divided by 607?
603
Calculate the remainder when 355901 is divided by 410.
21
Calculate the remainder when 4199 is divided by 19.
0
Calculate the remainder when 81197 is divided by 27045.
62
Calculate the remainder when 47377 is divided by 1895.
2
Calculate the remainder when 2260 is divided by 119.
118
Calculate the remainder when 3265 is divided by 45.
25
What is the remainder when 1251863 is divided by 22761?
8
What is the remainder when 8571 is divided by 1281?
885
What is the remainder when 639 is divided by 109?
94
What is the remainder when 346 is divided by 250?
96
Calculate the remainder when 110406 is divided by 355.
1
Calculate the remainder when 14649 is divided by 20.
9
Calculate the remainder when 84915 is divided by 16979.
20
Calculate the remainder when 51431 is divided by 236.
219
Calculate the remainder when 6429 is divided by 41.
33
Calculate the remainder when 188590 is divided by 94262.
66
What is the remainder when 49590 is divided by 9918?
0
Calculate the remainder when 2857 is divided by 33.
19
Calculate the remainder when 153995 is divided by 1069.
59
What is the remainder when 539242 is divided by 30?
22
What is the remainder when 3194 is divided by 1024?
122
What is the remainder when 3232 is divided by 54?
46
What is the remainder when 18654 is divided by 45?
24
What is the remainder when 9407 is divided by 3115?
62
What is the remainder when 80480 is divided by 225?
155
Calculate the remainder when 1468 is divided by 70.
68
Calculate the remainder when 43518 is divided by 76.
46
What is the remainder when 54691 is divided by 749?
14
What is the remainder when 117684 is divided by 191?
28
Calculate the remainder when 29079